Let h = -20744 - -45990. What are the prime factors of h?
2, 13, 971
Let y(w) = w + 14. Let p be y(12). Let j = -32 + p. What are the prime factors of (264/4)/(j/(-3))?
3, 11
Let y(t) = -t**3 - 20*t**2 - 19*t + 5. Let r be y(-19). Suppose -r*b + 0*b = -95. Let o = 19 + b. What are the prime factors of o?
2, 19
Suppose -4*f + 1171 = -10*r + 15*r, -5*f + 1465 = 5*r. Let c = 911 - f. What are the prime factors of c?
617
Let l(r) = -r**3 + 8*r**2 + 36*r - 25. Let t be l(11). Suppose 4*b - 2580 = -t*b. What are the prime factors of b?
5, 43
Suppose -2*g = -3*v - 30, 7*v + 17 = g + 5*v. Let o(r) = 5*r**2 + 4*r + 64. List the prime factors of o(g).
5, 101
Suppose 69*s = 4*t + 64*s - 117967, -2*t + 3*s = -58985. What are the prime factors of t?
2, 19, 97
Let r be 12/(-8) - (-49)/(-14) - -412. Let q = r - -777. List the prime factors of q.
2, 37
Let d(l) = -15*l**3 - 50*l**2 + 2*l + 68. What are the prime factors of d(-10)?
2, 157
Suppose 12*a = 15558 + 57702. What are the prime factors of a?
3, 5, 11, 37
Suppose z - 27 = -n, 69 = 2*n - 0*n - z. Suppose 0 = -14*w + 539 - 105. Suppose -n*x + 30 = -w*x. What are the prime factors of x?
2, 3, 5
Let y(q) = 42*q + 4. Let b be y(-3). Let a = -83 - b. Suppose 9 - a = -2*l. List the prime factors of l.
3, 5
Let a(g) = 19*g**2 - 98*g + 12. What are the prime factors of a(20)?
2, 3, 157
Let w = -4246 + 7367. List the prime factors of w.
3121
Let r = 862 + -511. Suppose 5*u + 385 = 1535. Let l = r - u. What are the prime factors of l?
11
Suppose 5*i + 2*v + 2 = -5, -5*v = -5*i - 35. Let n be 2 - -27 - (i - 2 - -2). Suppose 3*m + 49 = 2*b, -2*m = b - n + 4. What are the prime factors of b?
2, 13
Let j(g) = -160*g + 32. Let y(b) = -9*b + 2. Let r(i) = -4*j(i) + 72*y(i). Let t = -27 + 14. What are the prime factors of r(t)?
2, 3, 5
Let d(y) be the first derivative of -y**3/3 + 41*y**2/2 - y - 76. List the prime factors of d(30).
7, 47
Let p be (5 - 17/4) + 66/8. Let g = -3 + p. Suppose 4*v + 5*a = g*v - 129, a + 231 = 4*v. List the prime factors of v.
3, 19
Let m = 2335 + -980. Suppose -13*w + 1037 = -m. List the prime factors of w.
2, 23
Let f = -39 - -85. Suppose 6*l - 14*l = 8. List the prime factors of f - (l - (2 + 1)).
2, 5
Let v(u) = 26*u + 3093. Let f(q) = -17*q - 2062. Let w(b) = -8*f(b) - 5*v(b). What are the prime factors of w(0)?
1031
Let s(x) = 122 + 17 - 18*x + 98 + x**2 + 13 - 15. What are the prime factors of s(-23)?
2, 19, 31
Let i be -1492*(-1 - (-4)/(48/18)). Let c = 1292 + i. List the prime factors of c.
2, 3, 7, 13
Suppose 0 = -4*a - 33 + 37. Suppose 2*o + 3*w = a - 0, 0 = -2*o + 5*w - 7. List the prime factors of 1/(224/(-226) - o).
113
What are the prime factors of (-22)/(616/434)*-1*34?
17, 31
Let x(h) = 83*h + 7. Let u be -3 - (-5 - (-28)/(-7)). List the prime factors of x(u).
5, 101
Let x = 19926 - -10838. List the prime factors of x.
2, 7691
Let b(s) = 3608*s**2 - 422*s + 1. What are the prime factors of b(2)?
107, 127
Let p = -534 + 530. List the prime factors of -6 - 65221/(-52) - 3/p.
1249
Let g(t) = 4027*t**2 - 84*t - 13. What are the prime factors of g(-4)?
3, 5, 1439
Let i = 1903 + -1258. What are the prime factors of (-48)/15 + 5/25 + i?
2, 3, 107
Let i = -481 - -202. Let b = i + 539. List the prime factors of b.
2, 5, 13
List the prime factors of (-2267709)/(-48) - 4/(-64).
2, 3, 31, 127
List the prime factors of (1914426/(-270) - (-1)/(-5))/(6/(-18)).
2, 2659
Suppose 0 = -133*t + 56*t + 192*t - 1501785. List the prime factors of t.
3, 1451
Let t(r) = -2. Let s(k) = -274*k - 93. Let c(p) = -s(p) - 6*t(p). List the prime factors of c(3).
3, 103
Let l(j) = -3 + 34*j**3 - 29*j**2 + 24*j**2 - 5*j**3 + j + 3. List the prime factors of l(3).
3, 13, 19
What are the prime factors of (-40)/(-24)*761760/100?
2, 3, 23
Let n = 847 + -860. Let t(v) = 6*v**2 - 36*v - 18. List the prime factors of t(n).
2, 3, 61
Let x = 14 + -8. What are the prime factors of 105/(-14)*(-380)/x?
5, 19
Let w = -180 - -309. Suppose -2*m + f = w, m - f = -2*f - 66. Let d = -16 - m. List the prime factors of d.
7
Suppose -4*m + 22 = 150. Let v = m - -35. Suppose -16 = -2*n - 2*k, 13 - 33 = -v*n - 2*k. List the prime factors of n.
2
Let x = 12405 - 5897. What are the prime factors of x?
2, 1627
Suppose v - 5*v + 2*j + 2936 = 0, -4*j + 3644 = 5*v. Suppose 5*h = -h - v. Let z = 296 + h. What are the prime factors of z?
2, 3, 29
What are the prime factors of (-1498)/(-8)*(-72 + 88)?
2, 7, 107
Suppose -3*n + 138399 = -2*s, 2*n - 2*s + 3469 - 95733 = 0. What are the prime factors of n?
5, 9227
Let z = -323 + 327. Suppose w - 206 = z*u, -11*u = -w - 6*u + 206. What are the prime factors of w?
2, 103
Suppose 0 = 15*m - 41975 - 8350. What are the prime factors of m?
5, 11, 61
Let c = 14792 + -7729. What are the prime factors of c?
7, 1009
Let o(j) = 212*j**2 + 11*j - 27. Let l be o(5). Suppose -r + 10*r - l = 0. What are the prime factors of r?
2, 37
Suppose -96*v - 35 = -91*v. Let u be (((-8694)/4)/v)/(6/(-12)). What are the prime factors of u/(-4) + 24/32?
2, 3, 13
Let x be (-13)/(39/(-12)) - (-1)/(-1). Suppose -x*b - 3069 = -5*g, -5*g - 5*b = -0*b - 3045. Suppose -24*l - g = -28*l. List the prime factors of l.
3, 17
Let t be (-2524)/(-14) - (-2)/(-7). Suppose 51*u - 48*u - q + 129 = 0, 5*u = -2*q - 237. Let o = t + u. What are the prime factors of o?
3, 5
Suppose 5*m - 521 = 4*m + 3*i, i = 5*m - 2563. Let b = 796 - m. List the prime factors of b.
2, 71
Let p(g) = 19*g**3 - 2*g**2 - 8*g - 13. Let j be p(-3). Let r = j + 971. List the prime factors of r.
11, 41
Let a = 67 - 137. Let b = 148 + a. Let w = b + -57. List the prime factors of w.
3, 7
Suppose -3*r + 6 = 0, -2*m + 2654 = -2*r - 24884. What are the prime factors of m?
47, 293
Let g(u) = 16*u**2 - 2*u - 24. List the prime factors of g(-25).
2, 3, 557
Let r = 311 + -281. List the prime factors of (7785/r)/(2/8).
2, 3, 173
Let c = 216 - 200. Suppose 0 = 2*d + 4*k - 2558, c*d - 4*k - 5140 = 12*d. What are the prime factors of d?
1283
Let h(p) = -4*p**3 - 26*p**2 + 2*p + 31. List the prime factors of h(-8).
3, 7, 19
Let c(b) be the third derivative of b**6/20 - b**5/10 - 5*b**4/24 + 2*b**3/3 - 8*b**2. Let h be c(3). Suppose 62 + h = 3*w. List the prime factors of w.
53
Let y(x) = 112*x - 2. Let q be y(-1). Let g be ((-4)/3)/2*q. Let k = g + -19. What are the prime factors of k?
3, 19
Suppose 0 = 9702*s - 9707*s + 4*o + 336291, -269031 = -4*s + 3*o. What are the prime factors of s?
3, 29, 773
Let a be ((-2)/(-6))/((-1)/(-534)). Let y = a - 110. Suppose -3*j + 172 = -y. List the prime factors of j.
2, 5
Suppose -136*c + 139*c = 12. Suppose 2*j - 4*j - 5*n + 1228 = 0, -c*n = -2*j + 1228. List the prime factors of j.
2, 307
Let q = 118 - 116. Suppose -q*a + 6 = z, 8*z - a - 30 = 3*z. What are the prime factors of z?
2, 3
Let k be -24 - (3 - (3 + -1)). Let q = 32 + k. Let f = q - -31. List the prime factors of f.
2, 19
Suppose 12*f - 48 = -0*f. Suppose 446 = 2*k - y, -k = -5*k + f*y + 884. What are the prime factors of k?
3, 5
List the prime factors of 35*(-10)/(-50) - -4471.
2, 2239
Let n be (12/15)/((-3)/(-15)). Suppose n*a - 2529 = 5*z, -3*a - a - z = -2547. List the prime factors of a.
2, 3, 53
Let c(d) = -2029*d - 2107. What are the prime factors of c(-6)?
10067
Let j(k) = 12*k - 4 + 5*k + 44*k - 13. Let u be j(5). Suppose 3*o - u + 66 = 0. What are the prime factors of o?
2, 37
Let k(m) = 71*m**2 + 389*m + 47. List the prime factors of k(11).
12917
Let y(f) be the second derivative of -f**5/20 + f**4/2 - f**3/2 + 7*f**2 - 20*f. Let p be y(6). Let w(o) = -19*o - 1. List the prime factors of w(p).
3, 5
Suppose 0 = 57*b - 346940 - 224143. What are the prime factors of b?
43, 233
Let q be (1/4)/(-1) - (-42861)/84. What are the prime factors of 1 - (22/5)/((-17)/q)?
7, 19
Let q(g) be the first derivative of 246*g**3 + 25*g**2/2 + 24*g - 186. What are the prime factors of q(-1)?
11, 67
Let z be (-15)/(-2)*(28/6)/7. Suppose r = 4, -2*y + z*r = -3*y + 25. Suppose y*a = 6*a - 82. List the prime factors of a.
2, 41
Let k be (8 + -8)/(4/1). Suppose 10 = 4*j - 6*j, -13 = -3*v - j. Suppose k = -v*l + 8*l - 426. List the prime factors of l.
3, 71
Let g(c) = c**3 + 7 - 13*c**2 + 19 - c**2 - 10 + 11*c. Let a be g(13). List the prime factors of 8/a + (-833)/(-35).
23
Let v(x) = -x**